 v(n) be the second derivative of -n**5/20 - n**4/6 + n**3/2 + n**2/2 - 43*n. What is v(h)?
-5
Let d(i) = 4 - 1491*i**2 + i**3 - i + 1489*i**2 - 4*i. Let x be ((-2)/(-6))/(2/18). Determine d(x).
-2
Suppose -9*d + 3 = -267. Let a = -34 + d. Let t(m) = -m - 1. Let q(n) = -3*n - 3. Let k(z) = -2*q(z) + 5*t(z). Give k(a).
-3
Let f(q) be the first derivative of q**4/4 - 8*q**3/3 - 4*q**2 - 10*q - 72. Determine f(9).
-1
Let j(i) = 7*i - 1. Suppose 5*f + 4*t = 6 - 29, -3*f + 5*t = -1. Determine j(f).
-22
Suppose 22 - 12 = -5*m. Let n be (2 - 2)/(((-12)/m)/(-3)). Let q(w) = -w - 4. Give q(n).
-4
Let d(t) = -t**3 + t. Let r(b) = 2*b**3 + 6*b**2 - 4*b - 4. Let k(j) = -3*d(j) - r(j). Let z be ((-1)/3)/((-28)/(-504))*-1. Calculate k(z).
10
Let q = 103 + -100. Let t(o) = -6 - 2*o**2 - o**q + 6*o - 4*o**2 - 3*o**2 + 6*o**2. Calculate t(-5).
14
Let k(t) = -t**2 + 9*t - 22. Let u(x) = -x**3 - 18*x**2 + 16*x - 51. Let h be u(-19). Determine k(h).
-4
Let q(c) be the second derivative of -2*c**3/3 - c**2 - 94*c - 2. What is q(0)?
-2
Let r(u) = -u**3 + 8*u**2 - 4*u + 6. Let q(y) = -y**2. Let t(x) = 2*q(x) + r(x). Let b(p) = -p**3 + 14*p**2 - 37*p - 7. Let c be b(4). Determine t(c).
11
Let m = -7 + 33. Suppose -2*n = -m - 2. Let c(p) = -p**3 + 14*p**2. Let z be c(n). Let l(d) = -d + 9. Determine l(z).
9
Let v(n) = 8*n**3 - 23*n**2 + 49 - 2*n**3 + 3*n - 5*n**3 - 5*n. Determine v(23).
3
Let o(q) be the third derivative of q**6/120 - q**5/12 + q**4/8 + q**3/6 - 98*q**2. Determine o(3).
-8
Let q(t) = -5*t**2 - t - 1. Let o be q(-1). Suppose -8*v - 3*v + 44 = 0. Let r(p) = v - 6 - 1 - p - 3. What is r(o)?
-1
Let c be (-1 - -6)*(-2 - -3). Let a(h) = 0*h + 2*h**2 - 4*h - h**2 - 4 - h + h. What is a(c)?
1
Let l(h) be the second derivative of -h**5/20 - h**4/4 + 3*h**2/2 - 2*h. Let k = 965 - 968. Calculate l(k).
3
Let x be (7/2)/((-5)/30). Let g = x - -22. Let d(m) = -2*m. Calculate d(g).
-2
Let i(r) = r**2 - 7*r + 5. Let l = -148 + 233. Let v = -78 + l. Determine i(v).
5
Let g(h) = h**3 + 4*h**2 - 8*h - 12. Let r be g(-5). Let j(p) = 10 + 10*p**r + 8*p**3 - 9. Give j(-1).
-17
Let a(x) = -609*x - 3 + 301*x + 301*x. What is a(-3)?
18
Suppose 3*v + 5*i = 44, v - 24 = -0*v - 4*i. Suppose v = -3*k - r, 0 = -2*r + 5 - 15. Let p(a) = -3*a**3 + 2*a**2 + 2*a + 1. Determine p(k).
4
Let x be 20/15 + 16/(-48). Let o(y) = 7*y + 3. Let v(t) = 18*t + 23. Let u(j) = 6*j + 8. Let i(w) = -17*u(w) + 6*v(w). Let s(f) = -4*i(f) + 3*o(f). Give s(x).
-2
Suppose 16 = 130*h - 126*h. Let d(o) = -o**3 + 4*o**2 + 2*o + 3. Determine d(h).
11
Let b(j) = -7*j + 1. Suppose 0 = 8*s - 11 + 43. Calculate b(s).
29
Suppose 0 = -u - 3*w + 31 - 22, 4*u + 20 = 2*w. Let x(d) = -4*d**2 - 4*d. Calculate x(u).
-24
Suppose -s + 2*z = 10, 9*z - 25 = -s + 4*z. Suppose -5*c = -s*c + 25. Let h(g) be the second derivative of g**4/12 + 2*g**3/3 - 5*g**2/2 + 3*g. Determine h(c).
0
Let p(m) be the second derivative of 0 + 2/5*m**5 - 1/2*m**2 - 23*m + 1/6*m**4 + 0*m**3. Calculate p(-1).
-7
Suppose -4*j = 14*j + 162. Let p(c) = c**3 + 8*c**2 - 9*c - 1. Give p(j).
-1
Let l(k) be the third derivative of -k**6/120 - k**4/6 - 5*k**3/6 + 5*k**2. Let z be l(-2). Let d(b) = -b**3 + 11*b**2 + b - 14. Determine d(z).
-3
Let j(s) = s**3 - s**2 - 2*s - 1. Let l = 6 - 8. Let z be (0*(-3)/(-9))/l. Suppose z = -2*v + v + 3. What is j(v)?
11
Let w(x) = -x**2 + 2. Let h(j) = j - 12. Let t be h(15). Suppose -5 = z - t. Calculate w(z).
-2
Let p(g) = -g**3 + 15*g**2 + g - 12. Suppose 40 = 64*v - 61*v - n, 85 = 4*v + 5*n. Give p(v).
3
Let t(w) = 2*w - 1. Let o(r) = r + 20. Let a be o(-14). Suppose 4*n - s + 6 = a*n, 4*n - 24 = s. What is t(n)?
9
Suppose -2*b = 203 - 205. Let n(j) = -3*j**2 + 1. Determine n(b).
-2
Let c(t) = -t**3 - 13*t**2 - 12*t - 18. Let n be 2 + (-936)/66 + (-6)/(-33). What is c(n)?
-18
Let p(s) = -2*s + 1. Suppose -31*w = -10*w + 168. Determine p(w).
17
Let n(j) be the first derivative of -5*j + 17 + 1/3*j**3 - 2*j**2. Determine n(5).
0
Suppose 0*d = -4*d + 3*f + 15, -d - 5*f + 21 = 0. Let n(r) = -r + 11. Give n(d).
5
Let l(t) = -4*t**3 - 2*t**2 + 2*t - 1. Let n be l(1). Let k be (-3)/(n/(150/9)). Let d(w) = 3*w + 4 - 3*w**2 - k + 6*w + 2*w**2. Determine d(6).
12
Let y(c) be the third derivative of c**5/30 - c**4/4 + c**3 - 3*c**2 + 21. What is y(5)?
26
Let d = 7 - 2. Suppose 46 = d*y - 14. Suppose 2*n + y - 4 = 0. Let x(u) = -u**3 - 4*u**2 - 2*u - 3. What is x(n)?
5
Let c(y) = -y**3 + 9*y**2 - 7*y - 8. Let a be 1 + 45/(-39) + 742/91. Give c(a).
0
Let a(j) = j**3 + 6*j**2 - 5. Let h(b) = -b**2 - 1 + 5*b - 2 + 4*b - b. Let d be h(7). Suppose -d*q = 25 - 1. What is a(q)?
-5
Suppose -11*v - 58 = -102. Let x(p) = -2*p**3 + 7*p**2 - 3*p - 4. Calculate x(v).
-32
Let g(m) = -m**3 - 3*m**2 + 3*m + 4. Let b(o) = -12*o**2 - 61*o. Let q be b(-5). Let u = -2 - -2. Suppose u = 2*s + q + 1. Calculate g(s).
-5
Suppose 104*h - 22 = 93*h. Let d(q) = q + 2. Let c(p) = -1. Let w(z) = 3*c(z) + 2*d(z). Give w(h).
5
Suppose 0 = -2*o + 3*o - l - 5, -3*l = -o + 3. Let c(n) = -o*n - 3 + 3*n**3 - n - 6*n**2 - 4*n**3 + 2*n. Let i be (-1)/(28/(-10) + 3). Determine c(i).
-3
Let c(h) = h**2 - 2*h. Let j be c(-2). Let b(d) = j*d - 3*d - 4*d. Determine b(5).
5
Let t = -29 - -34. Let v(n) = n**3 + 11*n**2 - 5*n - 10. Let z(s) = -s**3 - 12*s**2 + 6*s + 11. Let a(p) = t*z(p) + 6*v(p). Give a(-6).
-5
Let y(p) be the first derivative of p**4/6 - p**3/2 + 8*p**2 - 36. Let v(h) be the second derivative of y(h). Determine v(-4).
-19
Let b(x) be the third derivative of x**4/3 - 5*x**3/6 + 4*x**2 - 8. Give b(5).
35
Let v(b) = -3*b - 1. Suppose 5*y + 64*r - 15 = 69*r, -3*y + 2*r = -8. Determine v(y).
-7
Let b(g) = g + 0*g**2 + g**2 - 5 - 6*g - 2*g. Suppose 0*o = -2*o + 12. Give b(o).
-11
Suppose 3*b - 4*x = -b - 36, -15 = 3*b + x. Let i be (b*9/6)/(-1). Let y(k) = 1 + i*k - 4 + 3. Calculate y(-1).
-9
Let z(t) = t**3 + 5*t**2 - 8*t - 6. Let i = -58 + 150. Let m be i/(-14) - 56/(-98). Calculate z(m).
6
Suppose -4*i = i - 2*l - 34, -3*i + 16 = l. Let w(f) = -i + 5 - 2 + 2*f - f. What is w(-6)?
-9
Let p(s) = 2*s - s - 2 + 0*s. Let l = 0 + 1. Suppose 2*b - 9 = 2*c + b, b + l = 0. What is p(c)?
-7
Let z(s) = -s. Let n(i) = 3*i + 1. Let o(r) = n(r) + 2*z(r). Let a(v) = 4*v + 11. Let g(u) = -a(u) + 2*o(u). What is g(-7)?
5
Let u(k) = 0*k**3 - 4*k**2 - 4*k**3 + 11*k**3 + 2*k + 3 - 8*k**3. Let z(n) = -5*n**3 - 21*n**2 + 10*n + 16. Let y(t) = -11*u(t) + 2*z(t). What is y(-2)?
3
Let j(u) = u**2 + 2*u. Let b be -1 + 2 + 52 + 1. Suppose -2*q + 5*q = b. Let c = q + -22. Calculate j(c).
8
Suppose -34 = 2*y - 4*s, 4*s + 8 = -2*y - 10. Let c(z) = 0*z + 7 - z + 2*z. Give c(y).
-6
Let u be (5/(-2) - 0)/(59/(-118)). Let p(y) = -y**3 + 4*y**2 + 5*y + 2. Calculate p(u).
2
Let f be (-5 + 84/18)*12. Let y(w) be the second derivative of w**4/12 - 5*w**2/2 - 20*w. Calculate y(f).
11
Let i be (-3)/6*(-13 + 9). Let j(z) = 7*z - 7 + 3*z - 23*z**i + 22*z**2. Give j(8).
9
Let z(b) = 2*b + 2. Let t be -1*2/6*21. Give z(t).
-12
Let k(j) be the first derivative of j**2/2 - 12*j - 972. What is k(-5)?
-17
Let y(n) = 3*n - 4. Let h(w) = 3*w**2 + 10*w - 11. Let p be h(1). Calculate y(p).
2
Let v(h) = -h - 2. Suppose 2 - 8 = -3*z. Suppose 2*x - 2*d = 7*x - 2, 4*x = -2*d + z. Determine v(x).
-2
Let o(f) = 2*f**3 + f**2 - 2. Let c(m) = -9*m**3 - 6*m**2 + 11. Let u(s) = 2*c(s) + 11*o(s). Determine u(-2).
-36
Let q(p) be the third derivative of p**6/120 - p**5/20 - p**4/6 + p**3/6 + 13*p**2. Calculate q(4).
1
Let i(v) be the second derivative of v**6/180 + v**5/15 + 5*v**4/24 + 2*v**3/3 - v**2 + v - 5. Let l(y) be the second derivative of i(y). Calculate l(-5).
15
Let j(b) be the first derivative of -9*b**4/4 - b**3/3 + b**2/2 + b - 371. Suppose 4 = -c + 3. What is j(c)?
8
Let i(m) = 10*m**2 - 5*m**2 - 13 - 26*m + m**3 + 18*m. Determine i(-6).
-1
Let a(c) = -c**3 + 4*c**2 - c - 4. Let v = 73 - 58. Suppose -3*q = 2*p - 4*q - 6, 5*p + 4*q = v. What is a(p)?
2
Let s(c) be the second derivative of -c**6/360 - c**5/20 + 7*c**4/24 - 5*c**3/2 + 2*c. Let y(h) be the second derivative of s(h). What is y(-7)?
0
Let g be 218*((-14)/4)/(-7). Let s(p) = -g*p**2 + 2*p**3 + 108*p**2 - 7*p**3. Give s(-1).
4
Let g be (-189)/(-315) + 129/(-15). Let a(t) = -t**2 + 2. Calculate a(g).
-62
Let s(h) be the second derivative of 